 be c(-6). Let d be (-4)/6 + 4/6. Suppose 5 = 3*b - 4, d = 4*q - 4*b - 72. What is the highest common divisor of q and r?
21
Let s(q) = -2*q**2 - 9*q. Let k be (-17)/3 - (-10)/15. Let f be (-8)/(-6)*(k - -2). Let c be s(f). What is the greatest common divisor of c and 4?
4
Suppose 1136 = 15*v - 1114. Suppose -u + 40 = u - 5*h, -170 = -5*u - 5*h. What is the greatest common factor of u and v?
30
Suppose 86 = -4*j + 2*j. Let l = -36 - j. Suppose 22 = v + l. What is the greatest common divisor of v and 6?
3
Suppose 2*r - 6*x + 5*x - 168 = 0, 3*r - 252 = -3*x. Suppose 0 = 12*z - 6*z - r. Calculate the greatest common divisor of z and 98.
14
Suppose -112 = -4*c - 4*c. Suppose -3*w - 2*w + 481 = 3*r, 2*r - 386 = -4*w. Calculate the highest common factor of w and c.
14
Let p(h) = h**2 + 9*h - 8. Let c be p(-10). What is the highest common divisor of c and 8?
2
Let a be -17 + -8 + 14 + 19. Calculate the highest common factor of 472 and a.
8
Suppose 119*s - 196 = 112*s. What is the greatest common divisor of s and 448?
28
Let j = -34 + 18. Let x be 2/j - 162/(-144). Let f be x/(-3) + 762/18. What is the greatest common divisor of f and 14?
14
Suppose 12*q - 1074 = 11*q - 2*x, -5*x = 2*q - 2149. Calculate the greatest common divisor of 48 and q.
16
Let g(o) = -40*o - 377. Let m be g(-35). What is the greatest common factor of 93 and m?
93
Let p be 6/9 + 32/6. Let a be 128/p*36/8. Calculate the highest common divisor of a and 64.
32
Let c = -16 + 18. Suppose -5*r + 310 = 3*h, -3*r = -0*h - c*h + 232. Calculate the highest common divisor of h and 22.
22
Suppose 0 = -15*b + 4*b - 385. Let k = 70 + b. What is the highest common divisor of 7 and k?
7
Let v(m) = 2*m**3 - 6*m**2 + 3. Let z be v(4). Suppose -3*b = 2*b - z. Let p be (-843)/(-12) - (-1)/(-4). What is the greatest common factor of b and p?
7
Let z be 2*5/(-30) + (-39)/(-9). What is the greatest common factor of z and 64?
4
Let z be (-4)/6 - 16/(-24). Let y be -11 + 6/(2 - z). Let o be 42*-1*y/24. What is the highest common factor of 2 and o?
2
Suppose -2*t + 6*j + 14 = 3*j, -5*t - 5*j = -60. Let d be (-4)/26 - (-54)/13. Suppose -46 = -n + d. What is the highest common factor of n and t?
10
Suppose 0 = 5*u - 3*f - 135, -4*u = -7*u - 5*f + 81. Suppose 0 = 24*o - u*o + 216. What is the greatest common factor of 48 and o?
24
Let y be (0 - -42)*(-4)/(-4). Calculate the highest common factor of y and 14.
14
Suppose 7*h + h - 40 = 0. Suppose 4*r = -h*s + 701, 5*s + 3*r - 2*r - 704 = 0. What is the greatest common factor of s and 94?
47
Suppose 7*t + 71 = 190. Calculate the greatest common factor of t and 527.
17
Suppose 0 = -772*j + 748*j + 3024. What is the highest common factor of 154 and j?
14
Suppose -1645 = -27*y + 20*y. What is the highest common divisor of y and 94?
47
Let x = 358 - 349. Calculate the highest common factor of x and 621.
9
Let d be 3/(-6) + (-1677)/(-78). Calculate the highest common factor of 24 and d.
3
Let c be ((-18)/7)/((-2)/14). Let z = -7 + c. What is the greatest common divisor of 44 and z?
11
Let q = -39 - 0. Let w = 42 + q. What is the highest common divisor of 15 and w?
3
Let n = 1415 - -410. Calculate the greatest common divisor of 73 and n.
73
Suppose -22*q + 24*q = -10, -4*y + 154 = -2*q. Calculate the highest common factor of y and 96.
12
Let i be (-1 - 11)*(-133)/76. What is the greatest common divisor of i and 9?
3
Suppose -3*d + 6*d = -3*d. Suppose d = t - 10*t + 441. What is the greatest common factor of t and 7?
7
Let b be -2 - 1/(3/(-12)). Let c be 2*29/2*b. Suppose -2*o - 8 = -16, 0 = -4*j + 3*o + 104. What is the greatest common factor of j and c?
29
Suppose -2 = -n + 3*m - m, -3*m = 0. Suppose -3*z = -3*d - 441, 3*z + 157 = n*d + 603. What is the greatest common divisor of 38 and z?
38
Suppose 0 = -1549*g + 1560*g - 14421. Calculate the greatest common divisor of g and 69.
69
Suppose 0 = -4*o + 116 + 76. Let h(l) = 4*l**2 + 29*l + 10. Let d be h(-10). What is the highest common factor of d and o?
24
Let t = -431 - -433. Let v(u) = u**3 - 7*u**2 + 7*u - 5. Let w = 10 - 4. Let z be v(w). What is the greatest common factor of z and t?
1
Suppose 14*t - 10*t = 84. Let s be (-1)/(5/3 - 2). Suppose -s*b + 6*b + 3*x - t = 0, -25 = -5*b + 5*x. Calculate the greatest common factor of b and 24.
6
Let s(k) = 72*k + 565. Let r be s(-6). Calculate the greatest common factor of r and 114.
19
Suppose 2*i = 4*d - 44, 0*i + 5*d = -2*i - 26. Let o = i + 14. Let m be 13 - (-5 + 2 - o). What is the greatest common divisor of 3 and m?
3
Suppose 0*j + 8 = 2*j. Let i be ((-10)/j)/((-2)/4). Suppose i*f - 316 + 1 = 0. Calculate the greatest common divisor of f and 9.
9
Suppose 6*g + 35 = 47. Calculate the greatest common factor of 54 and g.
2
Suppose 3*l = -5*i + 211, -2*i + 2*l - 126 = -5*i. Calculate the highest common divisor of i and 8.
4
Let n be (-10 + 10)*1/2. Suppose n*k - u + 61 = 2*k, 5*k - 145 = 5*u. What is the highest common factor of k and 20?
10
Let o be 56/12*-2*-6. Calculate the greatest common divisor of 70 and o.
14
Let c(h) = 2*h**3 - 2*h**2 + h - 1. Let d be c(3). Let v = d + -14. Calculate the highest common divisor of 3 and v.
3
Suppose o + 10 = -4*o. Let i(s) = -3*s - 2. Let y be i(o). Suppose -2*x + 5 = 5*z - y*z, 2*z + x - 25 = 0. What is the highest common divisor of 5 and z?
5
Let b = 1214 - 1173. Calculate the highest common factor of 2214 and b.
41
Let b(c) = -c**2 + 10*c - 4. Suppose 50 = 10*o - 30. Let n be b(o). Calculate the greatest common divisor of n and 60.
12
Suppose 0 = 4*y + 8, -4*s - 4*y - 4 = -84. Let v = -5 + s. Let d(u) = 25*u - 6. Let h be d(5). Calculate the highest common divisor of v and h.
17
Let b = 65 + 94. Suppose -5*k + b = v, -v + 102 = 4*k - 25. Calculate the greatest common divisor of 48 and k.
16
Let a(n) = -n**3 + 5*n**2 + 5*n. Let u(v) = -3*v + 1. Let b be u(2). Let l = -1 - b. Let d be a(l). What is the greatest common divisor of d and 396?
36
Let s(c) = 7 - 36*c**2 + c**3 + 13*c**2 + 11*c**2 + 14*c**2. Let t be s(-3). Let k be t/(-6) - (-82)/6. What is the highest common factor of 154 and k?
14
Suppose 2*v - 43 = 5. Let g = -282 + 285. What is the greatest common factor of g and v?
3
Let j = 82 - 50. What is the highest common divisor of j and 22?
2
Suppose 3*w = -4*w + 6118. What is the highest common divisor of w and 46?
46
Let n be 1/(-3) + (-692)/(-6). Suppose -j + 230 = 4*j. Calculate the highest common factor of j and n.
23
Let t(g) = -7*g + 40. Let k be t(-5). Calculate the greatest common factor of 45 and k.
15
Let q = 41 - 14. Let k = 1698 - 1455. What is the greatest common divisor of k and q?
27
Suppose 0 = -12*r + 1995 + 2445. What is the highest common factor of r and 74?
74
Suppose 60*v - 50*v - 720 = 0. Calculate the highest common divisor of v and 126.
18
Suppose 0*c + 3*c - 6 = 0. Suppose -x - 2*x + 43 = -c*l, 64 = 4*x + 4*l. What is the highest common divisor of x and 15?
15
Let h = -289 - -293. Calculate the greatest common divisor of 292 and h.
4
Suppose n - 5*l = 578, -2*l = -2*n - 6*l + 1212. Calculate the greatest common factor of 13 and n.
13
Let s be (4/12)/(3/27). Let a be 7/(-21) + 13/s. Suppose -w + 18 - 6 = a*q, 0 = -w + 3*q + 5. Calculate the greatest common divisor of 88 and w.
8
Suppose -5*l - 5*h + 140 = 0, -11 - 7 = -l + 4*h. Let a = l - 6. Calculate the greatest common divisor of a and 60.
20
Suppose 0*d = 5*d + n - 77, -3*d + 2*n = -54. Calculate the greatest common divisor of d and 144.
16
Suppose 3209 = 12*o - 3139. What is the greatest common factor of o and 23?
23
Suppose 0*f - 52 = -3*f + 2*q, 3*f = 3*q + 48. Suppose -3*b = 4*g - 0*b - 25, -2*g = -2*b - 30. Calculate the greatest common divisor of f and g.
10
Let n be 1326/14 + 4/14. Suppose 5*c = n - 20. Suppose -23*a + 25 = -18*a. What is the greatest common factor of c and a?
5
Suppose 0 = 5*b + 2 - 27. Let t be -3 + 0 - (0 - 4). Calculate the highest common divisor of t and b.
1
Suppose -294 = -3*m + m. Let b(v) = 2*v**2 - 4*v - 9. Let j = -5 - -10. Let n be b(j). Calculate the greatest common divisor of m and n.
21
Let l(k) = -14*k + 7. Let a be l(-2). Let b = 90 - a. Let z(w) = w**2 + 5*w + 5. Let y be z(-6). Calculate the highest common divisor of b and y.
11
Let o = 252 + -223. Let d(m) = -m**2 + m + 29. Let j be d(0). 